3*r + 5*b = -11, -3*r = -2*r + 3*b + 9. Suppose 7 + 59 = r*o. What is the greatest common divisor of o and 55?
11
Suppose -4*x = -x + 2376. Let c be (x/40)/(2/(-10)). Let q be (1 - (-11)/(-2))*-2. What is the highest common factor of q and c?
9
Let q be (-96)/(-336) + 31902/14. Calculate the greatest common divisor of 53 and q.
53
Let a(w) = 2*w**3 - 7*w**2 - 19*w + 17. Let f be a(8). Suppose -f = -10*m - 121. What is the highest common factor of m and 4?
4
Let m = 43 - 39. Let d(l) = 2 + 3*l**3 - 3*l**2 + 7*l**2 - 3*l - 5*l**2. Let g be d(2). What is the greatest common factor of g and m?
4
Let r = -382 - -391. Calculate the greatest common divisor of r and 36.
9
Let s(d) = 4*d**3 + 3*d**2 + 5. Let x be s(3). Suppose x = 6*q - 2*q. Let l be 38/10 + 7/q. What is the highest common divisor of 2 and l?
2
Let p = 17 - -165. What is the greatest common factor of p and 14?
14
Suppose -310*c - 665 = -329*c. Let j = -6 + 13. What is the greatest common divisor of j and c?
7
Let j = -18 + 16. Let p(y) = 188*y**2 - 2*y. Let k be p(j). Suppose -3*z + k = z. Calculate the highest common divisor of 27 and z.
27
Suppose 2*q + 3*q - 25 = 4*f, f = 0. Let r = -4 - -2. Let h = q + r. What is the highest common factor of 12 and h?
3
Let c be -2*2/4*-1. What is the greatest common factor of c and 51?
1
Let f(k) = -k**3 + k**2 + 16. Let r be f(0). Let q = 10 + -20. Let l(p) = 2*p**2 + 7*p - 2. Let b be l(q). Calculate the highest common divisor of b and r.
16
Let u = -523 + 556. Calculate the greatest common divisor of 11 and u.
11
Let r be 10/(0 + 2) + (-24 - -20). What is the highest common divisor of 7 and r?
1
Let k be ((-4)/(-6))/((-8)/(-1860)). Suppose 6*s = s - k. Let y = 119 + s. Calculate the greatest common factor of 8 and y.
8
Let u = 13 + -8. Suppose -5*j + 4*r + r - 55 = 0, -4*r = -j - 5. Let n = j + 38. Calculate the greatest common factor of n and u.
5
Let z(k) = k**3 + 11*k**2 + 12*k + 36. Let p be z(-10). Calculate the highest common divisor of 1 and p.
1
Suppose -50*p + 43*p = -21. Calculate the greatest common factor of 264 and p.
3
Suppose -7*i = -10*i. Suppose 2*l = -i*l + 198. Calculate the greatest common divisor of l and 9.
9
Let y = -81 + 121. Suppose 3*v + 0 = 6. Suppose v*g = 1 + 39. Calculate the highest common factor of g and y.
20
Let x = 240 + -58. Let z = 5 + x. What is the greatest common factor of z and 17?
17
Let f = 0 - -20. Suppose f = s - 4. Calculate the highest common factor of 24 and s.
24
Let h(o) = 34*o - 742. Let b be h(22). Calculate the greatest common factor of b and 33.
3
Let a be (9/(-6)*4)/(-2). Suppose 2*p - 5*w + 965 = 7*p, -w = a*p - 589. Let z = 39 + -17. What is the highest common divisor of z and p?
22
Suppose 0 = 4*n + 58 + 46. Let o be 8/(2 + 50/n). Calculate the greatest common factor of 13 and o.
13
Let z(f) = 45*f**2 - 156*f + 156. Let j be z(1). What is the highest common divisor of j and 33?
3
Suppose -15*y - 48 = -138. Let i(n) = -n**2 + 59. Let x be i(0). Let f be x/4 - (-1)/4. What is the greatest common divisor of f and y?
3
Let z = -23 + 18. Let u(v) = 2*v**2 + 9*v - 2. Let s be u(z). Calculate the greatest common factor of s and 6.
3
Let l = -6 + 10. Suppose -l*p = 7 - 27. Suppose p*d = f + 22, -2*f - 4 + 0 = 0. Calculate the greatest common divisor of d and 1.
1
Let d = -1246 - -1252. What is the highest common factor of 366 and d?
6
Suppose 2*t = -f + 11, 2*t - 7*t + 2*f + 50 = 0. Let u be (9 - t)/(1/10). What is the greatest common factor of u and 6?
2
Let m(s) = s - 6. Let x be m(5). Let u(j) = -119*j**3 - j. Let f be u(x). Calculate the highest common divisor of 24 and f.
24
Suppose -11*d - 117 + 293 = 0. Calculate the highest common divisor of 432 and d.
16
Suppose -53*p = -45*p - 16. Calculate the greatest common factor of p and 134.
2
Suppose -26*r - 130 + 208 = 0. Calculate the greatest common factor of 87 and r.
3
Suppose -3*y + 12 + 3 = 0. Suppose -y*s - 115 = -355. What is the highest common divisor of s and 12?
12
Let q = -828 - -838. What is the greatest common divisor of q and 30?
10
Suppose 7*p - 17 = -150. Let a = -3 - p. What is the greatest common divisor of 8 and a?
8
Let h(d) = 3*d + 9. Let x be h(17). Calculate the greatest common factor of 75 and x.
15
Let x = -189 + 369. Suppose d - x = -d. What is the highest common divisor of d and 30?
30
Suppose 4 = 3*t - 11. Suppose 26 + 4 = t*b. Let d = 1983 - 1935. Calculate the highest common divisor of b and d.
6
Suppose 19*w - 50 = 18*w. Let s = 2 + w. Calculate the greatest common divisor of s and 130.
26
Let z = 73 - 51. Let l = z + -12. Calculate the greatest common factor of l and 15.
5
Let x be 0/(1/(-5) - (-33)/15). Suppose 0 = -3*d + 5*o + 7, x = -5*d + o + 27 + 14. Suppose 0 = -2*q - 8 + 80. What is the highest common divisor of q and d?
9
Suppose 5*y + z = 6, 3*z - 2 = -2*y + 3. Suppose 3 = -t, 0*n + 4*n + 3*t = 7. What is the greatest common divisor of n and y?
1
Let h = 98 + -49. What is the greatest common factor of 21 and h?
7
Let g be (-20 - 3)*-5 + 0/(-2). Suppose -5*m - g = -1635. Calculate the greatest common factor of m and 38.
38
Let t(f) = -3*f**2 + 21*f + 17. Let y(r) = -r**2 + r + 1. Let j(v) = t(v) - 2*y(v). Let o be j(19). Calculate the greatest common divisor of o and 5.
5
Let t = 69 + -69. Suppose t = 24*o - 21*o - 63. Calculate the greatest common factor of 21 and o.
21
Suppose -r + 102 + 72 = 0. What is the greatest common divisor of r and 6?
6
Suppose 13 = 3*w + 1. Let x(c) = c + 8. Let s be x(28). What is the highest common divisor of w and s?
4
Suppose -534 + 370 = -4*p. What is the greatest common factor of p and 41?
41
Suppose -2*j = 4 + 4, -3*p - 4*j - 7 = 0. Let t be ((-9)/p)/(21/(-70)). Suppose 5*g + 180 = t*g. Calculate the greatest common divisor of g and 4.
4
Let r(i) = -13*i + 15. Let n be r(-2). Calculate the greatest common factor of n and 1.
1
Let l be 508/8 + 5/2. Calculate the highest common divisor of l and 6.
6
Suppose 5*t = -4*g + 27, -t - 4*g - 5 = -4. Suppose 2*j = t*j - 870. Let r = j + -108. Calculate the highest common divisor of r and 6.
6
Suppose -1055 - 135 = -14*v. Suppose 0 = -3*c + x + 65, -6*c + x + v = -2*c. Calculate the highest common factor of 160 and c.
20
Let f = -44 - -62. Let t be -4 - (159 + -2 - -4). Let j = 255 + t. What is the highest common factor of f and j?
18
Let g = 8 - -35. Let b = 139 - g. Calculate the highest common factor of 24 and b.
24
Let b(n) = 4*n - 10. Let c be b(6). Let k be 50/7 - 2/c. Calculate the greatest common factor of 1 and k.
1
Let c(k) = 6*k**2 + k - 2. Let r be c(3). Let h(y) = -y**2 + 8*y - 4. Let l = -3 + 6. Let i be h(l). What is the highest common divisor of i and r?
11
Suppose 0 = -m + 4*g - 0*g + 48, -4*g + 16 = 0. Calculate the highest common divisor of m and 112.
16
Let z = 382 - 337. Suppose 0 = 3*u - 84 - 141. Calculate the highest common factor of z and u.
15
Let l(g) = -81*g - 3135. Let o be l(-44). Let t(x) = x**2 + 2*x - 9. Let b be t(6). Calculate the greatest common divisor of o and b.
39
Suppose -a - 60 = -3*d, 3*d + 3*a = -7 + 79. Calculate the highest common factor of 273 and d.
21
Let y be -1 - (-3 + -2 + 0). Let r be 1/(-2) - (-10)/4. Suppose 21 - 113 = -2*q + y*s, 4*q + r*s = 194. Calculate the highest common divisor of q and 32.
16
Let u = 58 + -76. Let j be u/(-15)*75/6. Calculate the highest common factor of j and 75.
15
Let i(l) = l**3 - 3*l**2 + 13*l - 35. Let c be i(7). What is the highest common factor of 72 and c?
36
Let r(o) = o**2 - 13*o - 19. Let b(q) = q**2 - 2*q. Let m be b(5). Let a be r(m). What is the greatest common factor of 143 and a?
11
Let k be (-2)/8 + (-270901)/(-244). What is the highest common factor of 15 and k?
15
Suppose -3*q - 4*l = -32, 4*q - 2 = -2*l + 24. Suppose q*r - 85 = -1. Calculate the highest common factor of 168 and r.
21
Suppose 8 + 2 = 5*y. Let k be 1/y*20/10. Suppose -52 = -2*i + r, -k = -r + 3. What is the greatest common divisor of 7 and i?
7
Let g = -41 + 241. What is the highest common factor of 80 and g?
40
Let o = 50 - 27. Let m = o + -17. Suppose 3*a - m*a + 24 = 0. Calculate the greatest common factor of 2 and a.
2
Suppose 0 = 2*f - 4 - 0. Suppose -4*j + 0*q = 2*q - 18, 0 = 3*j - 4*q - 30. Calculate the highest common divisor of f and j.
2
Let h be 10*((-